ose 13*j = 9*j + 12. Let l be j - (-2 + (2 - 2)). Suppose 0 = l*d - 86 - 94. What is the tens digit of d?
3
Let k = 105 - -10. What is the units digit of k?
5
Let m(a) = -12*a**3 + 2*a**2 - 2*a + 1. Let j be m(1). Let b(p) be the first derivative of -3*p**2/2 + 12*p - 2. What is the tens digit of b(j)?
4
Let g = 1851 - 715. What is the thousands digit of g?
1
Suppose -7*i + 2*i - 3*r = -127, 0 = -5*i + 3*r + 133. Suppose -5*q + i = 2*v - 0*v, -5*q - 4*v = -32. Suppose 3*m = 2 + q. What is the units digit of m?
2
Suppose -1504 = -r + 5*v - 24, -5*r + 2*v = -7423. What is the hundreds digit of r?
4
Suppose -12*o + 552 = -11160. What is the hundreds digit of o?
9
What is the units digit of (9 - -1453)*2/4?
1
Suppose -25*d - 745 = -30*d. What is the hundreds digit of d?
1
Let j = -66 + 170. Let d = j + -58. What is the units digit of d?
6
What is the units digit of 2/3 + 3/(27/1236)?
8
Suppose 3*p + 2*d - 2188 = 230, -5*p = -3*d - 4011. Suppose -3*b = 3*l - p, l + 536 = 2*b - 3*l. What is the tens digit of b?
6
Suppose k - 3*q - 808 = 0, -3*q + 1652 = 7*k - 5*k. What is the hundreds digit of k?
8
Let h be 1374 - (-4)/(-3)*18/12. Suppose -31*l + h = -27*l. What is the units digit of l?
3
Suppose 18 = -6*p + 48. Suppose p*f - 180 = f. What is the units digit of f?
5
Let o(t) = 116*t**2 + 2*t - 1. What is the units digit of o(-3)?
7
Let u = -3224 + 7726. What is the units digit of u?
2
Let u = 136 + -160. Let d(m) = -2*m**3 - 48*m**2 - 12*m - 39. What is the hundreds digit of d(u)?
2
Let t be 4/22 + 310/110. Suppose 4*v - t*p - 108 - 829 = 0, v = -5*p + 240. What is the hundreds digit of v?
2
Let x be 15/18 + (-1)/(-6). Let i be 6 + (1/x)/1. Suppose g = i + 37. What is the units digit of g?
4
Suppose -2*m = -5*m + 6, 14 = -2*s + 5*m. What is the hundreds digit of (-5 + 7)/(s/(-104))?
1
Let s(n) = 85*n**2 + 79*n + 485. What is the tens digit of s(-7)?
9
Let x be (-1 + 8*-4)/((-3)/62). Suppose 5*f + c = 55 + 618, 0 = -5*f - 4*c + x. What is the tens digit of f?
3
Suppose 0 = 2*w + i - 1, -w - i - 1 + 2 = 0. Suppose -20 = 5*n, 5*j = 7*n - 6*n + 14. Suppose w + 2 = j*v. What is the units digit of v?
1
What is the hundreds digit of (1*18)/((-9)/3312*-6)?
1
Let r be 2/5 - 352/5. Suppose 9*v + 27*v = -36288. What is the tens digit of v/r + (-3)/(-5)?
1
Let s = -267 - -1337. What is the units digit of s?
0
Let c = -12 + 28. Let f be (2 + -2)*4/c. Suppose f = 4*l + l - 165. What is the tens digit of l?
3
Let s(i) = -30*i - 48. Let w be s(-14). Suppose -f = -3*f + w. What is the units digit of f?
6
Suppose 3*x = -2*g - 809, -6 = -2*g - 2. Let i = -136 - x. What is the tens digit of i?
3
Let b = -347 - -629. What is the tens digit of b?
8
Suppose 59 = b + 2*f - 62, 2*b - 3*f - 256 = 0. What is the hundreds digit of b?
1
Suppose -a - 2*f + 1873 = 0, -2*a + 3782 = -6*f + f. What is the hundreds digit of a?
8
Suppose 0*t - 3*t - x - 115 = 0, 0 = -t - x - 41. Let w = t - -66. What is the tens digit of w?
2
Let t(h) = h**3 - 5*h**2 - 4*h - 3. Let f be t(5). Suppose -4*x + 2*l - 59 = 79, l = 3*x + 103. Let n = f - x. What is the tens digit of n?
1
What is the units digit of (-2948)/(88/(-8)) - 5?
3
Let z(j) = j**3 + 12*j**2 + 4. Let r be z(-12). Suppose -b + r*f - 18 = 2*f, -3*f + 6 = 0. Let d = 44 + b. What is the tens digit of d?
3
Let h be (-6)/(-4)*(-6)/(-3). Suppose h*l + 48 = -l. Let t = l - -32. What is the tens digit of t?
2
Suppose 11*r + 4*i = 6*r + 1715, -683 = -2*r - i. What is the units digit of r?
9
Suppose 0 = -2*v + 630 + 130. What is the hundreds digit of v?
3
Suppose 3*n = s - 2*s - 1, -3*s = 5*n + 3. What is the tens digit of n + 0 + (1 - 0)*145?
4
Let x = 534 + 496. What is the units digit of x?
0
Suppose 4*v - 70 = 2. Let n = v - -20. What is the tens digit of n?
3
Suppose 0 = 4*s + 2*s - 6. Let o(c) = -c**3 + 3*c**2 - 2*c + 1. What is the units digit of o(s)?
1
Let j = -5 - -9. Let b be 1 - 225/(j + -7). Suppose 5*c - b = 84. What is the units digit of c?
2
Let x(c) = 3 - 3*c + 5 + 6*c + 56*c**2 - 7. What is the units digit of x(-1)?
4
Suppose 9*o = 2301 + 25113. What is the units digit of o?
6
Suppose -3 - 23 = -r. Let g = -20 + r. What is the units digit of -2*(2 + (-15)/g)?
1
Let z(h) = -726*h + 20. What is the hundreds digit of z(-1)?
7
Let m(f) = -f**2 - 13*f - 16. Let z = 78 - 37. Suppose -4*v = g + 15, g = -4*g - 3*v - z. What is the units digit of m(g)?
6
Let x(f) = -f**2 + 5*f - 7. Let w be x(6). Let v = -27 - w. What is the units digit of (3 + v)*1/(-1)?
1
Suppose 3*r = 3*i - 2376, -3*i + 1588 = -i - r. What is the tens digit of i?
9
Let p = 16 - 8. Suppose 2*q = -5*w - 3*q, p = -w - 3*q. Suppose w*s - g = g + 106, 0 = -4*s - g + 103. What is the tens digit of s?
2
Let v(k) = -k**2 + 7*k + 2. Let d be v(10). Let u = 33 + d. Suppose 8 = u*x + 3, -5*q + 29 = 4*x. What is the units digit of q?
5
Suppose -3*j + 3*d = -627, 68 = j + 4*d - 146. What is the tens digit of j?
1
Let n = -52 - -53. What is the tens digit of 157/4 - ((-9)/12 + n)?
3
Suppose -329 = -2*b + 1077. What is the hundreds digit of b?
7
Let l = 147 - 93. Let u be (-5)/((-10)/(-78)) + 2. Let n = u + l. What is the units digit of n?
7
Let s be 0/(-4) + 4/(-2). Let y be s/3*45/(-6). Suppose -5*l + 65 = y. What is the tens digit of l?
1
Suppose -5*w + 31294 = -2*o, 0*w - 3*o = -3*w + 18780. What is the hundreds digit of w?
2
Let u(i) = 132 + 3*i**2 - 65 - 68 + 32*i. What is the units digit of u(-13)?
0
Let i(v) = 14*v + 6. Let k be i(16). Suppose 4*o + k = 6*o. What is the hundreds digit of o?
1
Let g = -35 - -52. Suppose -g*t + 13*t = -232. What is the tens digit of t?
5
Let d(l) = 5*l**2 - 14*l - 546. What is the thousands digit of d(28)?
2
Let s = -307 + 476. What is the units digit of -1 + s - (-1 + 4)?
5
Suppose 5910 = -40*h + 45*h. What is the units digit of h?
2
Let p(k) = -k**2 - 3*k + 2. Let m = -5 - -3. Let s be p(m). Suppose -q - 27 = -s*q. What is the units digit of q?
9
Let d be -1 + 0 + 6*3. Let w = d - -83. Suppose w = r + 3*r. What is the tens digit of r?
2
Let l(d) = 4*d**2 + 7*d - 22. Let r(b) = -b**3 - 2*b**2 + 5*b + 3. Let n be r(-2). What is the units digit of l(n)?
5
Suppose -3*q + 5*c = -1460 + 221, 1236 = 3*q - 4*c. Let x = -232 + q. What is the units digit of x?
6
Suppose 2*l - 5*p = 15, -7 = 3*l - 2*p - 35. Let r(x) = 7*x - 24. What is the units digit of r(l)?
6
Suppose -5*s + 1420 = -0*s. Suppose -4*t = 2*z - s, 3*t = -0*t + 5*z + 200. What is the units digit of t?
0
Suppose 276 = 4*y + 4*c, -5*y + 5*c + 219 + 126 = 0. Let d(g) = -g + 4. Let i be d(4). Suppose -4*x + 3*x + y = i. What is the units digit of x?
9
Suppose 4 = 10*a - 26. What is the tens digit of (1*-417)/(-3) + (4 - a)?
4
What is the units digit of (716 - 42) + 2 + -2?
4
Let t(z) = 9*z**2 - 117*z + 13. What is the units digit of t(-17)?
3
What is the tens digit of 407 + 6 + 0 + 1*-3?
1
Suppose 4054 = 5*z + 4*n, -805 = 14*z - 15*z + 5*n. What is the tens digit of z?
1
Let q be 2 + -3 + (-18)/(-2). Let f = 2 - q. What is the tens digit of (-72)/(-14)*(-28)/f?
2
Suppose -2*q = -7*q + 55. Let u(z) = 4*z - 12. Let r be u(q). What is the tens digit of r*(-2)/12*-3?
1
Suppose 288 = -3*r + 12*r. Suppose -3*g = -r - 25. What is the units digit of g?
9
What is the units digit of 8 + 12*804/18?
4
Let i(u) = 3*u**2 + 73*u + 93. What is the hundreds digit of i(-31)?
7
Let j(b) = 2*b + 4. Let c be j(-3). Let y be (-2)/(15/6 + c). Let v = y + 11. What is the units digit of v?
7
Let a(r) = -56*r**3 - r**2 - 3*r - 2. Let x be a(-1). Let n = x - -54. What is the units digit of n?
0
Suppose -6*d = -531 - 213. Suppose -h + d = 3*h. What is the units digit of h?
1
Let t be (-2)/7 - (-494)/14. Let g be (-132)/9 - 2/(-3). Let k = t + g. What is the tens digit of k?
2
Let v be (-4320)/(-126) + 4/(-14). Suppose 0 = 5*a - 244 + v. What is the tens digit of a?
4
What is the units digit of (63/(-24))/7 - 1691/(-8)?
1
Let v be 105 - 1*(2 + -4). Suppose 271 = 3*o + 3*w + w, v = o - 2*w. What is the units digit of o?
7
Let p be (8/(-10))/(2/(-5)). Let b be p/(-8) - 54/(-24). Suppose -19 = -f - 2*w, 3*f = f - b*w + 34. What is the tens digit of f?
1
Suppose -3*g = -4*g. Suppose g = -11*x + 13*x. Suppose x = -2*r + 4*r - 72. What is the units digit of r?
6
Let y be ((-24)/(-9) - 4)*6. Let r(j) = -j**3 - 9*j**2 - 1